se 5, what is 3 + -34?
-31
In base 6, what is -335 + -3?
-342
In base 7, what is -10 + -632?
-642
In base 10, what is 931 + 5?
936
In base 2, what is -10111 - -11?
-10100
In base 13, what is -301 + -1?
-302
In base 7, what is 0 - -3103?
3103
In base 15, what is -dc3 - -8?
-dba
In base 5, what is 41 - 1002?
-411
In base 9, what is -5 - -42?
36
In base 11, what is -4 - 1132?
-1136
In base 3, what is -11 + -1000100?
-1000111
In base 13, what is -32a + -2?
-32c
In base 8, what is -14 + 0?
-14
In base 13, what is 5 - 19?
-14
In base 10, what is 3 + -4361?
-4358
In base 9, what is -1 + -2537?
-2538
In base 4, what is 2 + -303?
-301
In base 7, what is -125 - 11?
-136
In base 4, what is 311013 - 2?
311011
In base 2, what is 111011000 + 110?
111011110
In base 7, what is 650 + 1?
651
In base 8, what is -33 - 4?
-37
In base 15, what is -537 - -6?
-531
In base 4, what is 1 + 10?
11
In base 8, what is 3 - 105?
-102
In base 14, what is -b1 - -3?
-ac
In base 12, what is 0 + -45?
-45
In base 3, what is 210 + 12101?
20011
In base 2, what is -10001 + -1100100?
-1110101
In base 5, what is -103 - -1323?
1220
In base 10, what is -6 - -868?
862
In base 10, what is -11 + -281?
-292
In base 9, what is 8 - 24?
-15
In base 14, what is -12 + -68?
-7a
In base 10, what is 3794 - 3?
3791
In base 13, what is 3 + -45?
-42
In base 16, what is -a3f + -b?
-a4a
In base 8, what is 14 - -1?
15
In base 2, what is -111110001010 - 110?
-111110010000
In base 6, what is -2 - -34453?
34451
In base 9, what is 523 + -1?
522
In base 6, what is 20324 - -2?
20330
In base 15, what is -6 - 44?
-4a
In base 8, what is 5 + 44?
51
In base 4, what is -1320 - -122?
-1132
In base 10, what is -2 - -41?
39
In base 12, what is -8341 - 0?
-8341
In base 5, what is -10422 + 4?
-10413
In base 8, what is -11 + 35?
24
In base 3, what is -20121 - -11?
-20110
In base 14, what is 4 + 174?
178
In base 11, what is -7026 + -4?
-702a
In base 14, what is -4b6 - b?
-4c3
In base 14, what is -5 - 1a7?
-1ac
In base 6, what is 5 - 2551?
-2542
In base 9, what is 260 + -22?
237
In base 7, what is 5 + 401?
406
In base 15, what is -1 - -346?
345
In base 15, what is 1c - 96?
-79
In base 8, what is 1 + -57?
-56
In base 10, what is 3 + -33?
-30
In base 16, what is -a5 - -b?
-9a
In base 7, what is 10 - -2215?
2225
In base 2, what is -1111111 + 0?
-1111111
In base 5, what is 22324 - -1?
22330
In base 12, what is 2861 - -3?
2864
In base 15, what is -2 + -3a?
-3c
In base 10, what is 0 + -34?
-34
In base 2, what is -1010 - -1010010?
1001000
In base 7, what is -5101 + -4?
-5105
In base 8, what is -5 - -67?
62
In base 4, what is -111301 - 10?
-111311
In base 15, what is a - -54?
5e
In base 3, what is -12 + 2022?
2010
In base 4, what is 21102332 + 10?
21103002
In base 8, what is 33 + 12?
45
In base 6, what is 403 - -4?
411
In base 13, what is -6 - -16?
10
In base 14, what is -abb - 1?
-abc
In base 7, what is 4 - -162?
166
In base 3, what is 0 - -1111?
1111
In base 15, what is 1 - 560?
-55e
In base 2, what is 100111 + 1010101?
1111100
In base 12, what is -2 + 11b?
119
In base 10, what is 3 - -2350?
2353
In base 13, what is -4 + -25?
-29
In base 12, what is -206a6 - -4?
-206a2
In base 5, what is -2 - 1421?
-1423
In base 4, what is -1103 + 13?
-1030
In base 5, what is -2142 + -212?
-2404
In base 9, what is -36 - -10?
-26
In base 13, what is 12 + -84?
-72
In base 14, what is 96 + a?
a2
In base 4, what is 20 + -223?
-203
In base 2, what is -1 - -10010000?
10001111
In base 13, what is -2861 + 0?
-2861
In base 12, what is 4 - b83?
-b7b
In base 10, what is -107 - -2?
-105
In base 15, what is 4 - 29?
-25
In base 5, what is 1 - -31432?
31433
In base 16, what is -1 + -18?
-19
In base 9, what is -1013 + 6?
-1006
In base 5, what is -2430 - -4?
-2421
In base 9, what is 60 + 333?
403
In base 5, what is -4 + -43?
-102
In base 7, what is 2 - -213?
215
In base 16, what is 5 - 9?
-4
In base 12, what is 2361 - -3?
2364
In base 14, what is -1b6 - 6?
-1bc
In base 10, what is 5 + -246?
-241
In base 9, what is 4 + -1126?
-1122
In base 10, what is 2238 + 4?
2242
In base 5, what is 0 + 11104?
11104
In base 6, what is 122 - -152?
314
In base 8, what is 2 - -234?
236
In base 13, what is 41 - 4?
3a
In base 12, what is -685 - 2?
-687
In base 16, what is 1b + -1f?
-4
In base 4, what is -1 - -33?
32
In base 6, what is -1200 + -14?
-1214
In base 15, what is -2 + 24?
22
In base 3, what is 10112010 - -11?
10112021
In base 8, what is -3710 + -5?
-3715
In base 12, what is 29 - 6?
23
In base 12, what is -531 - 4?
-535
In base 14, what is 0 + 298?
298
In base 5, what is 1 + -4003?
-4002
In base 2, what is 1010100 + 1?
1010101
In base 14, what is -32 + 12?
-20
In base 8, what is -142 - -14?
-126
In base 11, what is 2 + -65?
-63
In base 2, what is -100 + -1111011?
-1111111
In base 10, what is -1 - 618?
-619
In base 4, what is 3 + 122?
131
In base 15, what is a - 4?
6
In base 12, what is a6 + 7?
b1
In base 2, what is -100110 + -100?
-101010
In base 11, what is -4 + -35?
-39
In base 10, what is 6 + 1?
7
In base 12, what is 5 - -13b?
144
In base 16, what is -6 - -146?
140
In base 4, what is -11 - -310?
233
In base 2, what is -110000111 + 1001?
-101111110
In base 3, what is 10 - 120222?
-120212
In base 9, what is 150 + 1?
151
In base 10, what is -46 + -38?
-84
In base 13, what is -2 - 540?
-542
In base 15, what is 2 + 25e?
261
In base 12, what is -1 + -14b?
-150
In base 12, what is 3 + -318?
-315
In base 2, what is -11000 - 11100001?
-11111001
In base 10, what is -481 - 3?
-484
In base 10, what is -8 + -19?
-27
In base 7, what is -3345 - 0?
-3345
In base 8, what is 2 + 7?
11
In base 4, what is -100220 - 0?
-100220
In base 14, what is -176 - -a?
-16a
In base 2, what is 11 - -11010111010?
11010111101
In base 14, what is 39 + -3?
36
In base 16, what is -1 - 1e2?
-1e3
In base 13, what is 66 + 4?
6a
In base 13, what is -a3 - 0?
-a3
In base 9, what is 0 + -2660?
-2660
In base 4, what is -12002 + 10?
-11332
In base 14, what is -2 + 12b5?
12b3
In base 5, what is -23 + 3324?
3301
In base 9, what is -2 - 1013?
-1015
In base 3, what is -22000 - 0?
-22000
In base 5, what is -4401 - 11?
-4412
In base 7, what is 30252 + 5?
30260
In base 13, what is -1 + -2?
-3
In base 14, what is 16 - -27?
3d
In base 10, what is 595 - -8?
603
In base 11, what is 3 + a9?
101
In base 11, what is -2289 + -2?
-2290
In base 8, what is -5 + 6?
1
In base 11, what is 7 - -197?
1a3
In base 15, what is 1139 + 2?
113b
In base 5, what is -3443 - 32?
-4030
In base 8, what is -12 - -1?
-11
In base 16, what is 58d - -10?
59d
In base 14, what is 93 - 8?
89
In base 9, what is -355 + -5?
-361
In base 3, what is 12 + -210?
-121
In base 10, what is -300 - -3?
-297
In base 16, what is 0 - 9ba?
-9ba
In base 13, what is 3a - -2?
3c
In base 4, what is 11 - -311?
322
In base 6, what is 34 - -232?
310
In base 8, what is -13 - -1?
-12
In base 13, what is 6 - 3121?
-3118
In base 7, what is -306 + -4?
-313
In base 9, what is -5 + 50?
44
In base 12, what is 0 - -13?
13
In base 12, what is 313 - -1?
314
In base 9, what is -218 - -13?
-205
In base 10, what is -102 - -3?
-99
In base 3, what is -1121221 + -12?
-1122010
In base 2, what is 111011 - 1100011?
-101000
In base 8, what is -35456 - 2?
-35460
In base 12, what is 174 + 21?
195
In base 12, what is 7 + 25?
30
In base 5, what is -11 + 312?
301
In base 5, what is -131 + -1?
-132
In base 6, what is 41 - 41?
0
In base 7, what is 4 + -251?
-244
In base 7, what is -3 + -224?
-230
In base 3, what is -20 + -10022?
-10112
In base 3, what is 1 + -101?
-100
In base 11, what is 0 - -310?
310
In base 15, what is 84 - d1?
-4c
In base 13, what is -148 + 45?
-103
In base 14, what is 50 - 7?
47
In base 6, what is -1552 + 4?
-1544
In base 2, what is -1110 - 101011?
-111001
In base 6, what is -1011 - 0?
-1011
In base 16, what is 122e + 3?
1231
In base 15, what is -9 + 55?
4b
In base 12, what is 4 - -139?
141
In base 9, what is 173 - -72?
255
In base 6, what is 350 + -33?
313
In base 4, what is 32203 - 11?
32132
In base 15, what is c - a7?
-9a
In base 11, what is -212a - -1?
-2129
In base 11, what is 2 - -544?
546
In base 9, what is 267 - 0?
267
In base 14, what is 66 + 1?
67
In base 5, what is -10242 - -4?
-10233
In base 7, what is 3 + -150?
-144
In base 12, what is 1 - 47?
-46
In base 4, what is -2323 